.
-1111000000
10100010001 (base 2) to base 10
1297
-10100101100100 (base 2) to base 14
-3c0c
Convert -425 (base 8) to base 2.
-100010101
Convert 210002 (base 3) to base 13.
34a
What is 81 (base 12) in base 3?
10121
What is 32225 (base 6) in base 8?
10471
What is 562 (base 15) in base 5?
14332
Convert 202 (base 5) to base 15.
37
Convert -10010011111101 (base 2) to base 7.
-36415
Convert -a21 (base 13) to base 8.
-3265
What is -6834 (base 10) in base 4?
-1222302
What is 783 (base 9) in base 11?
534
2140 (base 5) to base 4
10213
-7 (base 11) to base 9
-7
Convert 10316 (base 8) to base 14.
17d4
-1010101010110110 (base 2) to base 14
-11cd8
Convert 397c (base 14) to base 8.
23572
Convert -2212b (base 12) to base 15.
-d572
Convert -4365 (base 9) to base 14.
-125c
What is -2932 (base 10) in base 16?
-b74
Convert 1211010211 (base 3) to base 14.
d0ac
272b (base 12) to base 10
4499
Convert -22112 (base 6) to base 16.
-bfc
Convert 174 (base 12) to base 2.
11101000
What is 74d (base 15) in base 8?
3160
Convert -ac (base 16) to base 6.
-444
What is -302132 (base 5) in base 8?
-22703
Convert -7456 (base 9) to base 14.
-1dd4
Convert -35463 (base 7) to base 3.
-110120020
Convert 10221 (base 5) to base 6.
3102
What is 59 (base 16) in base 10?
89
Convert -1a45 (base 16) to base 10.
-6725
322233 (base 6) to base 12
13379
What is 12103 (base 5) in base 16?
387
-535 (base 9) to base 15
-1e2
What is -1297 (base 13) in base 4?
-221203
What is 1010001110 (base 2) in base 15?
2d9
-a8d (base 14) to base 2
-100000100101
Convert -a77 (base 14) to base 11.
-1608
What is -11167 (base 12) in base 11?
-16055
Convert -1df (base 16) to base 12.
-33b
Convert -9d8 (base 15) to base 16.
-8b4
Convert 1311003 (base 4) to base 15.
2346
What is -6630 (base 8) in base 4?
-312120
-40000 (base 10) to base 2
-1001110001000000
435 (base 7) to base 12
166
What is 3d9 (base 14) in base 13?
47c
Convert -2633 (base 7) to base 9.
-1335
-15dc (base 14) to base 6
-30050
What is 1094d (base 16) in base 11?
47033
Convert -13 (base 5) to base 16.
-8
-12030 (base 4) to base 2
-110001100
Convert -10786 (base 9) to base 10.
-7206
What is 3240 (base 6) in base 12?
520
Convert 12112 (base 5) to base 16.
38b
What is 33100 (base 4) in base 12?
694
What is 100011011 (base 2) in base 15?
13d
Convert 50 (base 9) to base 15.
30
-22323 (base 9) to base 12
-8710
What is -1484 (base 10) in base 7?
-4220
202054 (base 8) to base 12
32664
-101200201 (base 3) to base 14
-2bab
802 (base 10) to base 13
499
-31232323 (base 4) to base 8
-155673
Convert -1000001010011 (base 2) to base 8.
-10123
What is -3aa (base 15) in base 4?
-31003
2221001 (base 5) to base 10
38876
301243 (base 5) to base 13
4485
What is -2343 (base 7) in base 16?
-360
-242d (base 15) to base 4
-1320031
-21231 (base 4) to base 9
-760
What is -2002 (base 4) in base 5?
-1010
1010021 (base 3) to base 8
1461
11422 (base 5) to base 3
1011221
What is 312 (base 9) in base 7?
512
What is 3081 (base 11) in base 16?
ff2
-c92 (base 14) to base 7
-10142
What is -357 (base 10) in base 5?
-2412
What is 198c (base 15) in base 2?
1010110011100
Convert -135b9 (base 12) to base 9.
-40656
What is 31a (base 12) in base 8?
706
33b (base 12) to base 10
479
What is 53 (base 6) in base 7?
45
Convert -57973 (base 10) to base 6.
-1124221
What is 3302 (base 5) in base 10?
452
Convert -677 (base 9) to base 13.
-33a
33233 (base 4) to base 3
1101022
471c (base 16) to base 15
55d9
What is 1212 (base 10) in base 11?
a02
Convert 3213301 (base 4) to base 2.
11100111110001
Convert -1134 (base 15) to base 12.
-2141
Convert 3056 (base 15) to base 4.
2133132
4082 (base 9) to base 5
43430
6452 (base 11) to base 15
27d7
Convert -112210 (base 3) to base 11.
-333
What is 22105 (base 7) in base 2?
1010110100110
What is 30011 (base 10) in base 15?
8d5b
What is 3c27 (base 14) in base 2?
10100101111011
What is 5206 (base 8) in base 13?
12c3
-3d16 (base 16) to base 12
-9072
Convert -409 (base 11) to base 6.
-2141
Convert 1111022 (base 3) to base 13.
659
Convert -887 (base 15) to base 3.
-2122101
What is -335 (base 11) in base 8?
-621
Convert 285 (base 12) to base 5.
3024
Convert -1aa (base 15) to base 8.
-601
What is -93 (base 13) in base 2?
-1111000
13775 (base 10) to base 5
420100
What is -e1e (base 16) in base 2?
-111000011110
Convert -1200a (base 15) to base 6.
-1121401
Convert -7db (base 14) to base 3.
-2010222
-258c (base 13) to base 5
-132410
-96 (base 12) to base 13
-8a
-5380a (base 11) to base 12
-392a8
110011110111111 (base 2) to base 5
1322214
What is 262 (base 14) in base 7?
1252
-749 (base 12) to base 6
-4533
What is 28 (base 12) in base 11?
2a
568b (base 14) to base 5
440034
Convert 25517 (base 8) to base 14.
407d
Convert -1275 (base 9) to base 14.
-4c7
Convert 10000110 (base 2) to base 9.
158
Convert -160b (base 13) to base 15.
-e4c
What is 4aab (base 15) in base 13?
731c
What is 5735 (base 10) in base 12?
339b
What is -11413 (base 6) in base 16?
-681
3700 (base 8) to base 4
133000
What is 7166 (base 10) in base 7?
26615
What is -25247 (base 8) in base 16?
-2aa7
-14172 (base 9) to base 5
-301443
What is -3a55 (base 13) in base 2?
-10000010011111
What is 506 (base 7) in base 16?
fb
What is 136 (base 12) in base 8?
272
What is 3223 (base 10) in base 5?
100343
What is -70650 (base 8) in base 7?
-150554
Convert 2535 (base 11) to base 2.
110011101001
Convert -33710 (base 8) to base 14.
-52c0
-5c9 (base 15) to base 6
-10030
What is -20045 (base 6) in base 2?
-101000111101
What is -140 (base 9) in base 10?
-117
Convert -28400 (base 9) to base 5.
-1104103
Convert -11101010001 (base 2) to base 4.
-131101
-260c (base 15) to base 13
-3900
-11111010 (base 2) to base 6
-1054
Convert 31040 (base 10) to base 12.
15b68
Convert -3012 (base 4) to base 13.
-123
Convert -f1d (base 16) to base 8.
-7435
Convert -93b (base 14) to base 10.
-1817
Convert 108 (base 16) to base 12.
1a0
Convert -2500 (base 12) to base 4.
-1001100
What is 19 (base 13) in base 14?
18
-894 (base 11) to base 7
-3060
-33321 (base 7) to base 8
-20312
1351 (base 8) to base 10
745
Convert -1001110 (base 2) to base 9.
-86
What is 489a (base 13) in base 14?
3a55
Convert 40 (base 10) to base 3.
1111
What is 3300 (base 6) in base 14?
3c0
81d (base 15) to base 10
1828
Convert 31054 (base 6) to base 11.
3122
Convert 391 (base 10) to base 5.
3031
What is -47626 (base 10) in base 16?
-ba0a
Convert 202022 (base 4) to base 9.
2888
324051 (base 7) to base 12
28933
What is -2231 (base 8) in base 16?
-499
1842 (base 9) to base 4
112013
What is 2604 (base 7) in base 13?
5a9
What is b5 (base 16) in base 13?
10c
Convert 4662 (base 11) to base 13.
2a28
Convert 20423 (base 5) to base 11.
102a
What is 2560 (base 8) in base 4?
111300
36335 (base 7) to base 2
10010011011010
What is -440 (base 5) in base 8?
-170
Convert -2321 (base 7) to base 2.
-1101010000
What is 120411 (base 7) in base 15?
66e3
Convert 27d (base 16) to base 9.
777
2450 (base 12) to base 6
30540
Convert -10101100010100 (base 2) to base 16.
-2b14
-21 (base 11) to base 2
-10111
Convert -24 (base 11) to base 4.
-122
101221101 (base 3) to base 5
223400
What is -12122 (base 3) in base 2?
-10011000
241215 (base 7) to base 12
21333
Convert -3222120 (base 4) to base 9.
-22516
-5032 (base 6) to base 8
-2114
Convert 661 (base 7) to base 3.
110111
Convert -12a (base 16) to base 14.
-174
Convert -1202100210 (base 3) to base 6.
-423503
What is 987 (base 14) in base 4?
131123
What is 1034412 (base 5) in base 12?
a58b
What is 2731 (base 11) in base 6?
24223
What is -21560 (base 7) in base 11?
-4099
Convert -16525 (base 7) to base 11.
-3604
What is 1104 (base 8) in base 15?
28a
-116fa (base 16) to base 11
-49726
What is 1183 (base 10) in base 5?
14213
Convert -103131 (base 4) to base 10.
-1245
-a32 (base 12) to base 3
-2000202
What is 2e0 (base 15) in base 13?
3ba
What is 14678 (base 11) in base 5?
1131101
142321 (base 5) to base 7
23244
-11065 (base 7) to base 10
-2791
3b2 (base 13) to base 9
804
-124000 (base 5) to base 16
-130b
Convert 254 (base 8) to base 14.
c4
Convert 4a5 (base 15) to base 6.
4515
Convert 3312 (base 11) to base 8.
10421
Convert -3412 (base 9) to base 10.
-2522
Convert 28917 (base 10) to base 9.
43600
Convert -18a2 (base 14) to base 4.
-1011212
Convert -9a1 (base 12) to base 5.